{"id":39,"date":"2019-07-25T14:51:37","date_gmt":"2019-07-25T12:51:37","guid":{"rendered":"https:\/\/ampf.info\/c\/?page_id=39"},"modified":"2024-09-27T19:47:54","modified_gmt":"2024-09-27T17:47:54","slug":"forschungspreis","status":"publish","type":"page","link":"https:\/\/ampf.info\/c\/der-verein\/forschungspreis\/","title":{"rendered":"Forschungspreis"},"content":{"rendered":"<p>[vc_row][vc_column][vc_empty_space][vc_column_text]<\/p>\n<h2>Der Forschungspreis des AMPF<\/h2>\n<p>Der Forschungspreis wird f\u00fcr herausragende Forschungsleistungen an Wissenschaftler*innen in Qualifikationsphasen vergeben. Die Preisvergabe erfolgt auf der Jahrestagung.<\/p>\n<p>&nbsp;<\/p>\n<h2>Preistr\u00e4gerinnen &amp; Preistr\u00e4ger (ab 2008)<\/h2>\n<p>(Jahreszahlen gem\u00e4\u00df der B\u00e4nde, in denen die pr\u00e4mierten Publikationen enthalten sind.)<\/p>\n<p>2024 \u2013 Maximilian Gutsmiedl, Patrick Ehrich und Alfred Lindl<\/p>\n<p>2023 \u2013 Johannes Tre\u00df<\/p>\n<p>2022 \u2013 Gabriele Puffer<\/p>\n<p>2021 \u2013 Julia Weber<\/p>\n<p>2021 \u2013 Olivier Blanchard<\/p>\n<p>2019 \u2013 Katharina H\u00f6ller<\/p>\n<p>2017\u00a0\u2013 Michael G\u00f6llner<\/p>\n<p>2016 \u2013 Johann Honnens<\/p>\n<p>2015 \u2013 Verena Weidner<\/p>\n<p>2014 \u2013 Thomas Busch &amp; Kerstin Heberle<\/p>\n<p>2013 \u2013 Natalia Ardila-Mantilla &amp; Anne Weber-Kr\u00fcger<\/p>\n<p>2012 \u2013 Verena Weidner<\/p>\n<p>2011 \u2013 Barbara Roth<\/p>\n<p>2010 \u2013 Susanne Naacke<\/p>\n<p>2009 \u2013 Anja Herold<\/p>\n<p>2008 \u2013 Martina Schuegraf[\/vc_column_text][\/vc_column][\/vc_row][vc_row][vc_column][\/vc_column][\/vc_row]<\/p>\n","protected":false},"excerpt":{"rendered":"<p class=\"card-text\">[vc_row][vc_column][vc_empty_space][vc_column_text] Der Forschungspreis des AMPF Der Forschungspreis wird f\u00fcr herausragende Forschungsleistungen an Wissenschaftler*innen in Qualifikationsphasen vergeben. Die Preisvergabe erfolgt auf der Jahrestagung. &nbsp; Preistr\u00e4gerinnen &amp; Preistr\u00e4ger (ab 2008) (Jahreszahlen gem\u00e4\u00df der B\u00e4nde, in denen die pr\u00e4mierten Publikationen enthalten sind.) 2024 \u2013 Maximilian Gutsmiedl, Patrick Ehrich und Alfred Lindl 2023 \u2013 Johannes Tre\u00df 2022 \u2013 Gabriele [&#8230;]<\/p>\n<p class=\"m-0\"><a class=\"btn btn-outline-secondary btn-read-more\" href=\"https:\/\/ampf.info\/c\/der-verein\/forschungspreis\/\">Read More<\/a><\/p>\n","protected":false},"author":1,"featured_media":0,"parent":33,"menu_order":0,"comment_status":"closed","ping_status":"closed","template":"","meta":{"footnotes":""},"class_list":["post-39","page","type-page","status-publish","hentry"],"_links":{"self":[{"href":"https:\/\/ampf.info\/c\/wp-json\/wp\/v2\/pages\/39","targetHints":{"allow":["GET"]}}],"collection":[{"href":"https:\/\/ampf.info\/c\/wp-json\/wp\/v2\/pages"}],"about":[{"href":"https:\/\/ampf.info\/c\/wp-json\/wp\/v2\/types\/page"}],"author":[{"embeddable":true,"href":"https:\/\/ampf.info\/c\/wp-json\/wp\/v2\/users\/1"}],"replies":[{"embeddable":true,"href":"https:\/\/ampf.info\/c\/wp-json\/wp\/v2\/comments?post=39"}],"version-history":[{"count":14,"href":"https:\/\/ampf.info\/c\/wp-json\/wp\/v2\/pages\/39\/revisions"}],"predecessor-version":[{"id":876,"href":"https:\/\/ampf.info\/c\/wp-json\/wp\/v2\/pages\/39\/revisions\/876"}],"up":[{"embeddable":true,"href":"https:\/\/ampf.info\/c\/wp-json\/wp\/v2\/pages\/33"}],"wp:attachment":[{"href":"https:\/\/ampf.info\/c\/wp-json\/wp\/v2\/media?parent=39"}],"curies":[{"name":"wp","href":"https:\/\/api.w.org\/{rel}","templated":true}]}}

<p>[vc_row][vc_column][vc_empty_space][vc_column_text]</p>
<h2>Der Forschungspreis des AMPF</h2>
<p>Der Forschungspreis wird für herausragende Forschungsleistungen an Wissenschaftler*innen in Qualifikationsphasen vergeben. Die Preisvergabe erfolgt auf der Jahrestagung.</p>
<p>&nbsp;</p>
<h2>Preisträgerinnen &amp; Preisträger (ab 2008)</h2>
<p>(Jahreszahlen gemäß der Bände, in denen die prämierten Publikationen enthalten sind.)</p>
<p>2024 – Maximilian Gutsmiedl, Patrick Ehrich und Alfred Lindl</p>
<p>2023 – Johannes Treß</p>
<p>2022 – Gabriele Puffer</p>
<p>2021 – Julia Weber</p>
<p>2021 – Olivier Blanchard</p>
<p>2019 – Katharina Höller</p>
<p>2017 – Michael Göllner</p>
<p>2016 – Johann Honnens</p>
<p>2015 – Verena Weidner</p>
<p>2014 – Thomas Busch &amp; Kerstin Heberle</p>
<p>2013 – Natalia Ardila-Mantilla &amp; Anne Weber-Krüger</p>
<p>2012 – Verena Weidner</p>
<p>2011 – Barbara Roth</p>
<p>2010 – Susanne Naacke</p>
<p>2009 – Anja Herold</p>
<p>2008 – Martina Schuegraf[/vc_column_text][/vc_column][/vc_row][vc_row][vc_column][/vc_column][/vc_row]</p>

<p class="card-text">[vc_row][vc_column][vc_empty_space][vc_column_text] Der Forschungspreis des AMPF Der Forschungspreis wird für herausragende Forschungsleistungen an Wissenschaftler*innen in Qualifikationsphasen vergeben. Die Preisvergabe erfolgt auf der Jahrestagung. &nbsp; Preisträgerinnen &amp; Preisträger (ab 2008) (Jahreszahlen gemäß der Bände, in denen die prämierten Publikationen enthalten sind.) 2024 – Maximilian Gutsmiedl, Patrick Ehrich und Alfred Lindl 2023 – Johannes Treß 2022 – Gabriele [&#8230;]</p>
<p class="m-0"><a class="btn btn-outline-secondary btn-read-more" href="https://ampf.info/c/der-verein/forschungspreis/">Read More</a></p>
